7521?
False
Does 161 divide 8692686?
False
Is 12100131 a multiple of 1034?
False
Does 286 divide 58033?
False
Does 13 divide 359260?
False
Is 36 a factor of 17754371?
False
Is 34 a factor of 113526?
True
Is 3160534 a multiple of 5?
False
Is 2787438 a multiple of 604?
False
Is 195993 a multiple of 7?
True
Is 66 a factor of 19602?
True
Is 5731833 a multiple of 109?
False
Is 34791 a multiple of 5?
False
Is 132784 a multiple of 4?
True
Is 25534390 a multiple of 217?
True
Does 256 divide 3257344?
True
Is 241 a factor of 104192?
False
Does 106 divide 46164?
False
Is 8132872 a multiple of 88?
True
Does 29 divide 59350?
False
Is 1541630 a multiple of 155?
True
Does 4 divide 25096?
True
Does 247 divide 212092?
False
Is 4538754 a multiple of 1458?
True
Is 70280 a multiple of 56?
True
Does 43 divide 1151667?
False
Does 201 divide 1594131?
True
Does 120 divide 1922304?
False
Does 122 divide 231800?
True
Is 57941 a multiple of 34?
False
Is 1820487 a multiple of 3?
True
Is 1551080 a multiple of 40?
True
Does 8 divide 432106?
False
Does 5 divide 71608?
False
Does 15 divide 104491?
False
Is 57702 a multiple of 2?
True
Is 44388 a multiple of 2?
True
Does 382 divide 1128255?
False
Does 85 divide 610725?
True
Is 4 a factor of 8925578?
False
Is 42 a factor of 131598?
False
Is 16931 a multiple of 8?
False
Is 109250 a multiple of 125?
True
Is 49 a factor of 635010?
False
Is 108624 a multiple of 12?
True
Is 1282986 a multiple of 69?
True
Is 45494 a multiple of 57?
False
Is 628082 a multiple of 58?
True
Does 55 divide 30250?
True
Is 1957 a factor of 11335332?
False
Is 243 a factor of 297167?
False
Is 15 a factor of 142792?
False
Is 83 a factor of 657941?
True
Is 360 a factor of 5856190?
False
Does 32 divide 280473?
False
Is 17 a factor of 36975?
True
Does 1403 divide 17400006?
True
Does 297 divide 383724?
True
Is 248 a factor of 373736?
True
Is 52 a factor of 2833584?
True
Is 55612 a multiple of 41?
False
Is 181 a factor of 418570?
False
Is 573413 a multiple of 363?
False
Is 46 a factor of 12416?
False
Is 52 a factor of 12532?
True
Does 202 divide 143014?
False
Is 232552 a multiple of 21?
False
Is 190328 a multiple of 10?
False
Does 135 divide 3230096?
False
Does 44 divide 64316?
False
Does 16 divide 40688?
True
Is 339761 a multiple of 61?
False
Does 362 divide 316673?
False
Does 23 divide 21873?
True
Does 133 divide 147497?
True
Is 104931 a multiple of 72?
False
Is 16 a factor of 48576?
True
Is 10 a factor of 3146645?
False
Is 155 a factor of 362296?
False
Does 350 divide 1028689?
False
Is 61101 even?
False
Does 10 divide 10448740?
True
Does 12 divide 2363904?
True
Is 154224 a multiple of 378?
True
Does 5 divide 320776?
False
Is 13 a factor of 2103348?
True
Is 800290 a multiple of 31?
False
Is 758172 a multiple of 67?
True
Is 557091 a multiple of 423?
True
Does 42 divide 27105260?
False
Is 5 a factor of 1068743?
False
Does 446 divide 2959656?
True
Is 7050244 a multiple of 1234?
False
Is 468784 a multiple of 83?
True
Is 98250 a multiple of 5?
True
Does 74 divide 4934098?
True
Does 31 divide 79293?
False
Does 165 divide 341?
False
Does 13 divide 879086?
True
Is 67260 a multiple of 20?
True
Is 11 a factor of 76760?
False
Is 15 a factor of 638160?
True
Does 173 divide 7319976?
True
Is 5 a factor of 211535?
True
Is 113679 a multiple of 10?
False
Is 353970 a multiple of 570?
True
Is 113973 a multiple of 114?
False
Does 112 divide 288960?
True
Does 12 divide 327535?
False
Is 98968 a multiple of 2?
True
Is 8531787 a multiple of 17?
False
Is 4 a factor of 677770?
False
Is 31 a factor of 3146903?
True
Is 59190 a multiple of 17?
False
Does 26 divide 2735902?
True
Is 806 a factor of 8941470?
False
Is 3339311 a multiple of 233?
False
Does 18 divide 3157149?
False
Is 8 a factor of 28700?
False
Is 156 a factor of 118872?
True
Does 46 divide 8523321?
False
Is 258392 a multiple of 139?
False
Is 17 a factor of 269868?
False
Is 2 a factor of 16173?
False
Does 105 divide 1872885?
True
Is 38214 a multiple of 22?
True
Does 109 divide 3734667?
True
Does 11 divide 12249017?
True
Does 6 divide 292764?
True
Does 129 divide 1373205?
True
Is 81 a factor of 135837?
True
Does 43 divide 2794778?
False
Is 1735922 a multiple of 566?
True
Does 16 divide 2583520?
True
Does 245 divide 4725039?
False
Is 453654 a multiple of 54?
True
Does 152 divide 236360?
True
Does 196 divide 147369?
False
Does 41 divide 1769055?
False
Is 116437 a multiple of 9?
False
Does 99 divide 152130?
False
Is 91486 a multiple of 614?
True
Is 55488 a multiple of 12?
True
Does 16 divide 4788752?
True
Is 5 a factor of 267061?
False
Does 6 divide 471444?
True
Is 185 a factor of 197727?
False
Is 349 a factor of 473942?
True
Does 112 divide 159040?
True
Is 58 a factor of 227669?
False
Is 21 a factor of 46148?
False
Does 26 divide 780087?
False
Is 958446 a multiple of 18?
True
Is 48 a factor of 18878?
False
Is 178 a factor of 297894?
False
Is 274720 a multiple of 68?
True
Is 62168 a multiple of 8?
True
Does 208 divide 433888?
True
Is 49 a factor of 10068958?
False
Is 17 a factor of 3014678?
True
Is 1525716 a multiple of 324?
True
Is 176 a factor of 418227?
False
Is 3 a factor of 1388683?
False
Does 62 divide 14579176?
True
Does 47 divide 12248388?
True
Is 1124372 a multiple of 460?
False
Is 50901 a multiple of 189?
False
Is 342 a factor of 6358122?
True
Is 24086865 a multiple of 788?
False
Does 955 divide 515880?
False
Is 95 a factor of 915484?
False
Does 208 divide 227968?
True
Is 4584446 a multiple of 475?
False
Is 21 a factor of 2078720?
False
Does 62 divide 405075?
False
Does 566 divide 64524?
True
Does 143 divide 237018?
False
Is 403745 a multiple of 57?
False
Is 7 a factor of 690172?
True
Is 10559810 a multiple of 392?
False
Is 245803 a multiple of 107?
False
Does 55 divide 288695?
True
Does 9 divide 572988?
False
Is 6050 a multiple of 4?
False
Does 101 divide 117606?
False
Is 6559122 a multiple of 71?
True
Is 96 a factor of 2042400?
True
Does 18 divide 2663525?
False
Is 776258 a multiple of 639?
False
Is 3979260 a multiple of 20?
True
Is 28242 a multiple of 18?
True
Does 47 divide 387938?
True
Is 1316880 a multiple of 120?
True
Is 28917 even?
False
Does 3 divide 10079?
False
Is 9 a factor of 186075?
True
Is 7 a factor of 3050082?
True
Is 121 a factor of 2714635?
True
Is 164 a factor of 688308?
True
Is 25 a factor of 4105850?
True
Does 36 divide 871632?
True
Is 4113236 a multiple of 166?
False
Is 975729 a multiple of 3?
True
Does 17 divide 4025464?
True
Is 86718 a multiple of 97?
True
Is 3 a factor of 11670?
True
Is 58 a factor of 46495?
False
Is 5614754 a multiple of 24?
False
Is 411895 a multiple of 55?
True
Does 151 divide 1111768?
False
Does 5 divide 5550145?
True
Does 43 divide 757316?
True
Is 51642 a multiple of 58?
False
Is 173 a factor of 60723?
True
Is 207632 a multiple of 4?
True
Is 13 a factor of 352037?
False
Is 22 a factor of 278036?
True
Is 10 a factor of 1747004?
False
Is 74529 a multiple of 49?
True
Does 14 divide 458582?
False
Is 1142 a factor of 1731272?
True
Does 100 divide 5000670?
False
Is 79 a factor of 81148?
False
Is 50 a factor of 388450?
True
Is 76 a factor of 77149?
False
Does 1172 divide 8951997?
False
Is 8741748 a multiple of 38?
True
Is 249250 a multiple of 16?
False
Is 64 a factor of 140392?
False
Does 8 divide 83740?
False
Does 19 divide 56164?
True
Does 14 divide 15616?
False
Does 9 divide 1360686?
False
Is 10519833 a multiple of 80?
False
Is 1404430 a multiple of 10?
True
Does 25 divide 60486?
False
Is 8305810 a multiple of 4?
False
Is 15 a factor of 6528852?
False
Is 3 a factor of 1157?
False
Is 8755068 a multiple of 42?
True
Is 21684895 a multiple of 751?
False
Is 465966 a multiple of 12?
False
Is 160 a factor of 204640?
True
Is 835497 a multiple of 36?
False
Is 25197 a multiple of 13?
False
Is 11802141 a multiple of 11?
False
Is 634 a factor of 446970?
True
Does 165 divide 166?
False
Is 3617417 a multiple of 516?
False
Is 3595572 a multiple of 36?
True
Does 9 divide 148860?
True
Is 47321 a multiple of 10?
False
Is 172 a factor of 1552988?
True
Is 1202007 a multiple of 426?
False
Is 122 a factor of 12078?
True
Does 37 divide 268185?
False
Does 276 divide 2551068?
True
Is 157 a factor of 1849146?
True
Does 46 divide 714091?
False
Is 913328 a multiple of 16?
True
Is 21 a factor of 1857429?
